, 0 = 2*f + 4*m - 1 + 7. Suppose 0 = -4*h - 8, 4*h = f*t - 12*t + 4767. What is the hundreds digit of t?
9
Let y(s) = -s**2 - 15*s - 10. Let z(v) = -2*v**2 + 6*v + 15. Let u be z(-3). Let r be y(u). What is the units digit of 143 - (r/(-40) + 6/10)?
9
Suppose -5*g - 5437 = 5*q - 23942, 4*g + 8 = 0. What is the tens digit of q?
0
Let n(u) = -u**3 - 7*u**2 - u - 6. Let h be n(-6). Let w be 8/6*7/((-21)/h). Let x = w - -30. What is the units digit of x?
6
Suppose -3*o - 13*o - 144 = 0. What is the hundreds digit of o/(-2)*198 + 7?
8
Suppose -14*o + 18925 - 90913 = 0. What is the hundreds digit of o/(-20) + 6/(-60)?
2
Let x = -321 - -571. Suppose 0 = 3*o + 2*o - x. What is the tens digit of (o/6 + -4)*3?
1
Suppose -3*m + 954 + 174 = 0. Let j = m + 24. Suppose 4*k + 48 = j. What is the tens digit of k?
8
Let o = 8622 - 3035. What is the tens digit of o?
8
Suppose -4*q = -32*q + 180320. Suppose -10*f + q = -750. What is the units digit of f?
9
Suppose -4*w + 151867 = 15*w. What is the units digit of w?
3
Suppose 0*g + 3*g - 6 = 0. Suppose 1 - 27 = -3*d - 5*q, 4 = -g*q. Suppose -704 = -d*o + 952. What is the tens digit of o?
3
Let p = 1 - -3. Suppose -2*y - 182 = g - 33, -p*g + 52 = -y. What is the tens digit of 4/8*(-5)/(10/y)?
1
Suppose 26*p - 32*p = -28350. Suppose 0 = -37*b + 46*b - p. What is the tens digit of b?
2
Let f = -11 - -32. What is the tens digit of f/((-168)/(-14608)) - 4?
2
Suppose 32 = 2*g - 5*o + 8, -3*o = -g + 14. Suppose -g*f - 3*m + 314 = -7*m, -3*f + 447 = 2*m. What is the tens digit of f?
5
Let p(g) = -g**2 + 1740. Let d be p(0). Suppose 4*c = 4*v - 24, 5*v - 15*c = -18*c + 62. Suppose d = v*r - 890. What is the tens digit of r?
6
Let p(l) = 39 + 9*l**2 - 10*l**2 + 32*l - 4*l. What is the tens digit of p(21)?
8
Let q(s) = -s**3 - 28*s**2 + 38*s - 329. What is the hundreds digit of q(-33)?
8
Let w = -2929 - -1729. What is the units digit of w/(-6) + (1 - 2)?
9
Let y be -1 + (5/(-1) - -4). Let d be 4/10*(-8 - (y + -1)). What is the tens digit of (3*-152 - 2)*d/4?
2
Let k(t) = 19*t**3 + 28*t**2 - 29*t - 16. What is the ten thousands digit of k(10)?
2
Let s = 26 + 4. Let j = s - -8. Suppose -2*k - 4 = 4*o, -2 = 2*k - 4*o - j. What is the units digit of k?
8
Suppose 42*n - a - 14514 = 41*n, -3*n + 43494 = 5*a. What is the hundreds digit of n?
5
Suppose 2*t = -2*m + 76 + 376, 0 = 4*t + 2*m - 908. Let f = 420 - t. What is the tens digit of f?
9
Let o = 32444 + -20700. What is the hundreds digit of o?
7
Let p(z) = -11 - 6*z + 1 - z - z. Let l be p(-2). What is the units digit of 1023/l + 5/(-2) + 2?
0
Let y = -2567 + 14172. What is the thousands digit of y?
1
Let d(h) = 66*h - 123. Let g be d(16). Let v = g - 87. What is the units digit of v?
6
Suppose c - 72459 = -4*h + 59346, 98840 = 3*h - 2*c. What is the hundreds digit of h?
9
Suppose 4*v = 5 + 7. Suppose o + 0*i = v*i + 103, 2*i = o - 100. What is the units digit of o?
4
Let i(k) = -171*k - 238. Let x(z) = -342*z - 476. Let c(y) = -5*i(y) + 3*x(y). What is the units digit of c(-7)?
9
Let q be (-20)/8*4 + 0. What is the tens digit of q/4 + (-685)/(-2)?
4
Let p be (30/(-18))/(10/(-36)). Suppose p*f + 1359 = 9*f. What is the tens digit of f?
5
Let a(t) = t**3 + 17*t**2 - 26*t - 76. What is the hundreds digit of a(19)?
4
Suppose -2*n + 20 = 6*f - n, -2*f + 5*n + 28 = 0. Let z(o) = 4*o - o + 8 + 4*o. What is the units digit of z(f)?
6
Let b(v) be the second derivative of -v**4/12 - 17*v**3/6 - 7*v**2 - 54*v - 2. Let h = -15 + 5. What is the units digit of b(h)?
6
What is the thousands digit of (-24)/(-66) + (-9 - (-192441)/11)?
7
Let i = -6503 - -7402. What is the hundreds digit of i?
8
Let d(s) = 1064*s + 1705. What is the units digit of d(3)?
7
Let n(i) be the first derivative of -29*i**4/2 - i**3/3 + 7*i**2/2 + 3*i + 281. What is the units digit of n(-3)?
9
Suppose 10*a + 620 = 3*h + 6*a, 4*a - 1076 = -5*h. What is the units digit of 5*92*h/80?
9
Suppose 0*p = 2*p - 4. Suppose c = -p*x + 450, -9 = -4*x + x. What is the tens digit of c?
4
Suppose -4*z + 340 = 5*j, -j + 110 - 43 = z. What is the tens digit of j?
7
Let g(t) = 2*t**3 - 9*t**2 - 4*t + 11. Let m be g(6). Suppose m*u - 100*u = -560. Suppose 2*f - 124 = u. What is the tens digit of f?
1
Let m be 0/(0 + (0 - 3)). Suppose 45 - 59 = -2*o. Suppose m = q - 4 - o. What is the units digit of q?
1
Let w(r) = 22*r - 86. Let j be ((-17)/(-4))/((-10)/(-40)). What is the units digit of w(j)?
8
Suppose 2*m = -4*l + 68266, 3*l + 5*m - 46140 - 5042 = 0. What is the ten thousands digit of l?
1
Let t = 7 - -14. Let k = t + -19. Suppose 3*j - s - 155 = 0, -k*s + 55 = j - 3*s. What is the units digit of j?
0
Suppose -8 - 105 = -2*r - 5*k, -4*r - 3*k + 261 = 0. Let h = 381 - r. What is the hundreds digit of h?
3
Let k(y) = -15*y - 103. Let f be k(-7). Suppose f*o + 5976 = 14*o. What is the units digit of o?
8
Suppose -2*c = -9*c + 21. Suppose c*a = -5*z + 106, -4*z - 7 + 108 = 3*a. What is the tens digit of a?
2
Let v be 7/(21/9)*1. Suppose 25 - 139 = -v*u. What is the tens digit of u/171 - (-358)/9?
4
Let s be (-14148)/63 - (128/(-28) - -4). What is the tens digit of 1 - 5/7 - 339520/s?
1
Let o(a) = -1424*a - 16. Let m be o(-1). Suppose -m = -5*j + 1052. What is the hundreds digit of j?
4
Suppose -124*k = 47*k - 2849031. What is the units digit of k?
1
Let g = 6565 - 4683. What is the thousands digit of g?
1
Suppose -2270*x + 2237*x = -604263. What is the tens digit of x?
1
Let k(b) = 98*b + 86 + 88*b - 166*b. What is the thousands digit of k(48)?
1
Let y = -5634 + 7709. What is the tens digit of y?
7
Let m(r) = 30*r + 3. Let h be m(1). Suppose h*q = 20*q + 2938. What is the tens digit of q?
2
Let m(f) = 1648*f - 12010. What is the thousands digit of m(28)?
4
Suppose -5*g + 10 + 0 = 0. Suppose g*q - t + 5*t = 744, 5*q + 5*t = 1855. What is the tens digit of q?
7
Suppose -2*c + 15 = 3*c - 2*r, 3*r + 15 = 0. Let d be (c - (-2 + 3)) + 795. Suppose -9*j = -14*j + d. What is the hundreds digit of j?
1
Suppose -827*j = -829*j - 5*a + 78474, 5*j = 3*a + 196185. What is the units digit of j?
7
Suppose 2772 = 3*a - 4*f, -4*a - 5*f + 703 + 2962 = 0. Suppose a + 776 = 4*n. What is the units digit of n?
4
Suppose -13*f + 33*f = -120. What is the thousands digit of 3334*(-1)/f*3?
1
Let x be (-1 + 2)*(-7 - -151). Suppose 0 = -4*g - 132 - x. Let y = g - -166. What is the tens digit of y?
9
Let s = 25466 - 15697. What is the tens digit of s?
6
Let j(z) = -4*z + 28. Suppose 0 = 7*y + y - 704. Suppose -y + 76 = -2*r. What is the units digit of j(r)?
4
What is the hundreds digit of -1*(-28026)/(-45)*(-120)/9?
3
Let w(m) = m**3 - 7*m**2 + m - 9. Let f be w(7). Let s be (f - (-4 - -2))/2. Suppose s*d + 48 = 2*d. What is the tens digit of d?
2
What is the ten thousands digit of ((18/4)/((-8)/16))/(105/(-118790))?
1
Let v(d) = -2*d**2 - d - 3 - 2*d**3 - 13*d + 6*d**2. Let q(i) = 5*i**3 - 11*i**2 + 41*i + 9. Let b(k) = 6*q(k) + 17*v(k). What is the hundreds digit of b(-3)?
1
What is the tens digit of (42014/(-3))/(-7) - 14/21?
0
Suppose 0 = -3*b - 3*l + 7*l + 3, 4*l - 3 = -3*b. What is the units digit of -2*b*6554/(-29)?
2
Let i be (-2 + (-28)/(-6))*(-372)/16. What is the hundreds digit of i/((-6)/(-4)*(-8)/138)?
7
Let q(x) = 427*x - 126. Let z be q(-5). What is the thousands digit of (z - 31)/((-3)/2)?
1
Suppose -4*s - 3*j = -15467, s - 15*j = -20*j + 3871. What is the tens digit of s?
6
Suppose 4*s + 28 = 0, -2*s = 1242*j - 1244*j + 104488. What is the tens digit of j?
3
Let o(z) = 10*z - 84. Let j be o(9). Let a(u) = 116*u - 9. What is the tens digit of a(j)?
8
Suppose r = -2*k + 90115 - 11713, -3*k + 117608 = -r. What is the hundreds digit of k?
2
Let k(u) be the third derivative of u**5/60 - u**4/12 + 47*u**3/6 + 16*u**2. Let c be k(0). Suppose -c = -2*s + 141. What is the tens digit of s?
9
Let z(g) = -99*g - 35. Let n(m) = -199*m - 68. Let t(l) = -3*n(l) + 7*z(l). What is the tens digit of t(-3)?
4
Suppose -2*n - 4 = 0, -6*n + 4*n + 166785 = 7*l. What is the hundreds digit of l?
8
Let k = -85 - -101. Let b = k - -372. What is the hundreds digit of b?
3
Let k = 623 + -621. Let z(u) be the first derivative of 2*u**4 - 2*u**3/3 - u**2 - u + 3. What is the tens digit of z(k)?
5
Let t(r) = -27*r**2 + 5*r - 6. Let p be t(3). Let s = p - -648. Let l = s - 178.